- (-10 - 5))?
37
Evaluate -41 + 16 + (-25 - -76).
26
Evaluate -37 - -72 - (-37 + 52).
20
10 + 5 + -76 + 44
-17
What is the value of 2 + -2 + -49 + (-10 - (-10 + 6))?
-55
-3 + -40 + (481 - 411)
27
What is the value of -2615 - -2548 - (3 - (5 + 1) - 3)?
-61
-7 + (10 - 14 - (10 - 6)) - 50
-65
-34 + (51 - 36) + 8 - 52
-63
Evaluate 30 - ((27 - 38) + -28).
69
Calculate (-1 - -21) + (36 - 23) - 23.
10
What is the value of -68 + (-57 + 112 - 11)?
-24
-13 + 254 - 246 - (2 + -1 + -13)
7
What is 5 + -7 + (-1 + (-8 - -24) + -41 - 9)?
-37
Evaluate -1 - 20 - (-10 + (-2 - 10) + -28 + 45).
-16
Calculate -3 + (-13 - -18) + -12 + -24.
-34
Calculate (408 - 424) + -1 + 30 + -98.
-85
What is -9 + (36 - 11) - (-60 - -5 - -3)?
68
What is the value of -42 + 159 + -204 + 180?
93
What is 3 - 53 - (-294 + 188)?
56
What is -334 + 396 + 2 + 1 - 21?
44
What is (-7 - -33 - 7) + (23 + -8 - (11 - -7))?
16
Evaluate (9 - (9 + -5 - 1)) + (157 - 86).
77
Evaluate -106 - -212 - 116 - -114.
104
Calculate -34 - 0 - (-1072 - -1027).
11
Evaluate -8 - -6 - 5 - (-62 + 47) - 37.
-29
Calculate 13 - ((-31 - -27 - -45 - (2 + -11)) + -2).
-35
Evaluate 19 + -38 + 21 - -25 - -34.
61
Evaluate 44 + 17 + -50 + -28.
-17
Calculate 3 + 3 - (-13 + -42 + 28 - (-4 - -11)).
40
-1 + 38 + -707 + 658
-12
Evaluate (-14 - (-5 + 44)) + 9.
-44
What is (-66 - (86 - 100)) + 2 + 2 + 1 + -11?
-58
What is (67 + -8 - 106) + -1 + (-2 - -16)?
-34
What is -16 - ((1 - 6) + -101 + 31)?
59
What is (-368 - -386) + (2 - -3) + -36 + (1 - 108)?
-120
0 + -4 - (106 + -93) - 21
-38
What is the value of 63 + -127 - (10 - 3) - (4 + -5 - -6)?
-76
Calculate -2 + (-7 - 0) - (-19 - 32 - -67).
-25
What is -26 + 12 + (4 - (21 + 27) - (-1 + 7))?
-64
Calculate -30 + 12 + -2 + -48 + 19.
-49
What is the value of -25 + (-1 - -23) + 16 - -65?
78
Evaluate 18 - (-38 - (9 - 39) - -88).
-62
Calculate (3 - 70) + -66 - -49.
-84
Calculate 29 + (-95 - -75) - (-55 - 3).
67
What is -32 + 4 + (-3 - 14) + (9 - 1)?
-37
What is the value of -71 - -1 - (14279 - 14391)?
42
What is the value of 14 - (7 + -6 + -13 + 15 - 10)?
21
What is (43 - 17 - 53) + 16?
-11
Evaluate -2 + -61 + -2 + 94.
29
Calculate -37 - (-95 + 116 + 11).
-69
Evaluate -4 + -4 + -7 + 3 + (10 - -3).
1
Calculate -37 + 75 + 6 + -1 + 0.
43
What is -22 - -2 - (7 - 4 - 11) - 11?
-23
Calculate -1 + (-65 - (26 + -31)) + (3 - 2) + 8.
-52
What is (-4 - 9) + (496 - 378) + 10 + 1 + -1?
115
What is the value of -51 + 23 - (-52 + 85)?
-61
Evaluate -281 - -144 - (6 + (7 - 52)).
-98
What is -44 + 31 + -26 + (-7 - -19) + -6?
-33
What is the value of (2 - (-7 + (-1 - -3))) + (29 - -5) + -18?
23
What is (3 - 5 - (-1 + -4) - 3 - 3) + 57?
54
38 + -2 + 7 + (19 - (9 - -4))
49
What is the value of (-1 - (25 - 43)) + 20 + -6 - (-2 - -12)?
21
What is the value of (18 - (24 + -5 + -18)) + (-2 + 7 - -6)?
28
What is 19 + -15 + -13 - -14 - (1 - -23 - 5)?
-14
Calculate (-22 - (-5 - -3)) + 2 + (22 + -9 - 4).
-9
Evaluate 30 + (0 + 26 - (-226 - -177)).
105
What is -85 - 3 - -2 - (-7 + 4 - 12 - -9)?
-80
Calculate 27 + -37 + 51 + 30.
71
Calculate 32 + -32 - -2 - 50.
-48
Evaluate 37 - (18 + 8 + -28 + (0 - 8)).
47
What is the value of (22 - (-52 + 99)) + 28?
3
Evaluate (-5 - (13 - (-56 - -18))) + 7.
-49
Calculate -35 + (18 - (-80 + 59)).
4
What is (-77 - 3) + (1144 - 1168)?
-104
What is the value of (-85 - -1 - (113 - 105 - 20)) + 0 + -2?
-74
-146 + (62 - 36) + -26
-146
What is 0 - 6 - (-4 + -2) - (-30 + 16)?
14
What is the value of -6 + -2 - (1764 - 1820)?
48
What is 88 - -4 - (-17 + (2 - (7 - (18 - 4))))?
100
What is the value of -23 + (11 - (-7 - -9)) - (-26 - -138)?
-126
Evaluate -2168 + 2168 - (44 - 1).
-43
What is the value of -24 - (23 + 18 + -9 + -2)?
-54
Calculate (6 - (4 - -4)) + 4 + 9 + 10 + -129.
-108
Evaluate -65 + (19 - (-4 + 9) - (4 - -3)).
-58
Evaluate -35 + -5 + 58 + 10 + 10 + 2 + -1.
39
What is -10 - (67 - -96 - 308)?
135
2 - 86 - (1353 + -1445)
8
Evaluate 2123 + -1943 + -132 + 4.
52
What is the value of (168 - (-23 + 107 + -36)) + -8 + 1?
113
Evaluate -2388 - -2417 - (1 + -3 - -11).
20
What is (19 - -6) + -28 + (-8 - -9) + (-89 - 1)?
-92
What is -49 - -86 - 103 - -57?
-9
-63 - (-6 - ((-12 - -15) + -15))
-69
What is 18 - (92 + -30) - -78?
34
Calculate 147 + -128 - (88 - (22 + 0)).
-47
Calculate -46 - 10 - -33 - -28.
5
-10 - (49 + 1 + (-173 - -172) + 9)
-68
What is the value of -68 - 2 - (-306 + 277)?
-41
Calculate -1 + 6 + -226 + 220 + -48 + -4.
-53
Evaluate -116 - (-32 + -253 + 118).
51
Evaluate (15 - (1 + -2)) + (-317 - (-164 + -136)).
-1
What is the value of 75 + -89 + (11 - -29)?
26
What is the value of -56 - (-14 - (29 + -89 + 52 - (-1 - -20)))?
-69
Evaluate -11 - (-49 + -140 + 138 + -1 + -10).
51
What is the value of -10 - (-1 - -8 - (5 + -2 + 7))?
-7
What is -32 + -2 + (-185 - -164) + (-19 - -7)?
-67
Evaluate -3 + (-6 - 0) + -37 - (158 - 170).
-34
57 + (-26 - 13 - -23)
41
What is the value of 14 + (-1 + -16 - 1) + (-1 - 49)?
-54
Calculate (-2 - -13) + (53 - (49 - 0)).
15
Calculate -36 + -2 + -13 - 12 - -6.
-57
What is the value of -5571 + 5577 + 0 + -32 + (-2 - (2 - 2))?
-28
What is (49 - (-19 + 15)) + -14 + 16 + -21?
34
What is 36 + 10 + -59 + (0 - 5)?
-18
What is the value of -8 + (0 - 11) - (72 - 84)?
-7
Calculate 43 + -32 - (1 + -19).
29
6 - 96 - -2 - (74 - (41 + 17))
-104
Evaluate -176 + 102 + -25 + 131.
32
-13 + (0 - (-3 + -1) - (-3 + 120) - -9)
-117
(-10 - -3) + (-174 + 247 - (16 - -1))
49
465 + -531 - (-38 - 4)
-24
Calculate -101 - (144 - 141 - 32).
-72
-57 - (-62 - -28) - (-108 + -2 + 3)
84
Evaluate (2 - -2) + -31 + 99 + -53 + 78.
97
Calculate 9 + (18 - 71) + 52.
8
Calculate 7 - 0 - (42 + -48 + -6 + 5).
14
What is the value of 555 + -460 - (3 + -1 + 5 - -1)?
87
-41 - (1 - 0) - (-51 + (6 - -32) + 4)
-33
What is (-28 - 19) + 14 + (-1 - (-5 - 0))?
-29
Calculate -6 + (2 + -1 - 2) + -5 + 11.
-1
Calculate -13 - ((72 - 27) + -38 + (69 - 0)).
-89
What is -2 + 1 + -8 + (5 + -3 - -9)?
2
Evaluate -4 + (-2 - 6) + (5 + 12 - 40).
-35
Evaluate -1 + -13 + -1 + (81 - 83 - (-6 - -7)).
-18
What is (-16 - (13 + -4 + 9 + -38)) + -1 + -49?
-46
What is the value of (113 - 2 - -4) + (21 - 61 - -31)?
106
Evaluate -47 - (-33 + (44 - 58)).
0
-36 - -24 - (1 + -2 + 43)
-54
Calculate -85 - -1 - -39 - -15.
-30
What is the value of 151 - (2 + (-1 - -49))?
101
What is (24 - -5 - (-13 + 21)) + -16 - (1 - -64)?
-60
What is the value of (-25 - -18) + -17 - -10?
-14
Evaluate 1 - -1 - 4 - (-34 - -53 - 16).
-5
What is the value of -31 + -7 - (0 - -1) - ((-125 - -152) + -41)?
-25
(-2 + 8 - -1) + (-8 - (-14 + 8)) - 1
4
-91 + (105 - (-66 - -17))
63
Evaluate (-1535 - -1519) + 1 + 37.
22
Evaluate (-2 - 1) + (188 - 69) + -244.
-128
What is 0 + -63 - (251 + -291)?
-23
What is the value of -1 + (-10 - (-29 + 7) - 17) + 5 + -3?
-4
Evaluate (-5 - 12 - -61 - (-2 + 9 - 1)) + -6.
32
Calculate 12 + (2 - -18) + (117 - 167).
-18
What is (73 + -28 - -9) + -21?
33
Evaluate -2 + 2 + (-9 - 2) - 45.
-56
What is the value of -102 + 144 + -44 - (2 + -22)?
18
What is 65 + (138 - 227) - (-1 - 67)?
44
Calculate -14 - (59 - 70) - (51 - (5 + -4)).
-53
What is (0 - 9) + (-37 - -3 - -31) + -3?
-15
Calculate -42 + (721 - 711 - (8 - (-1 + 4))).
-37
Calculate (0 - (-9 + 3 - -37)) + (-32 - -7) + 14.
-42
What is 0 + 9 - (21 + 20 + (-51 - (-9 - -2)))?
12
What is 116 - (-12 + (90 - 77))?
115
What is 76 + -84 + (0 - (-4 + 5)) + -14?
-23
Evaluate -14 - ((-15 + 25 - 17) + 14 + -81).
60
What is -4 - (57 + -41 - 33)?
13
Calculate 3 - (-5 - -12) - 9 - 44.
-57
What is 9 - (14 + -3 + -13 + -5 - -120)?
-104
What is the value of 31 + -6 + (7 - 15) + 8 + 11?
36
Calculate 1 - 0 - (4 + -51) - (-10029 + 10014).
63
Evaluate 1 - 13 - (53 + (13 - (41 - -26))).
-11
Evaluate -66 + -2 - (122 - (113 - -43)).
-34
Calculate -22 + (60 - (58 + -34)) + 2 + 35.
51
What is 1 + -2 - (6 + 1 - (31 + 1 - 35))?
-11
Calculate 10 - (5 - (-24 + 8 + 26)) - 46.
-31
What is (-8 + 2 - (-40 - (-11 + -7))) + 12?
28
What is the value of 2 - -6 - (9260 - 9278)?
26
What is 0 - (-11 + (-4 - -25 - 2 - 0) + -8)?
0
Evaluate -90 - (94 - 139 - 53).
8
What is the value of (30 - (-4 - (4 + -14))) + -22?
2
(8 + -3 - 89) + 3 + (5 - (-5 - 0))
-71
Calculate -19 - (-24 - 4) - (87 + 21).
-99
(-60 - -9) + 19 - 6
-38
What is (-34 - -28) + (-34 - -15) + 10?
-15
What is (-6 - 43) + 69 - (95 - 0)?
-75
What is 90 - (156 + -151 +